nder when 2998 is divided by w?
58
Let k = 123 + -107. Let m be (-11)/(-6) + (-2)/(-12). Suppose -m*f - k + 40 = 0. What is the remainder when 59 is divided by f?
11
Let f = -12454 + 15921. Calculate the remainder when f is divided by 29.
16
Let i(o) = 93*o + 91. What is the remainder when i(2) is divided by 58?
45
Let i(p) = -p**2 - 21*p - 35. Let m be i(-19). What is the remainder when 152 is divided by 21/9*(7 + 2 - m)?
12
Let k(f) = -20*f - 31. Calculate the remainder when -6 - -2 - 2*-6*7 is divided by k(-3).
22
Let r(v) = -v**3 + 31*v**2 - 31*v + 96. Calculate the remainder when 97 is divided by r(30).
31
Let u(z) = z**3 + z**2. Let d(g) = 4*g**3 - 27*g**2 + g + 55. Let a(i) = d(i) - 5*u(i). What is the remainder when a(-32) is divided by 8?
7
Let k be 16/24*81/6. Suppose 0 = 2*s - 2*n - 36, k*s + 4*n = 4*s + 54. What is the remainder when 26 is divided by s?
12
Let a(z) = -16*z + 252. Suppose -3*c + 54 + 15 = 0. Calculate the remainder when a(13) is divided by c.
21
Let t be (-61)/(-4) + 81/108. Suppose 10*u + 102 = t*u. Calculate the remainder when 64 is divided by u.
13
Suppose 12 + 72 = -6*a. Let d be (-188)/a - 6/14. Suppose 186 = d*n - 178. What is the remainder when 103 is divided by n?
19
What is the remainder when ((-166)/(-5))/(3/((-15)/(-2))) is divided by 9 + 1 + (14 - 7)?
15
Suppose -477 = -29*a + 1060. Calculate the remainder when 201 is divided by a.
42
Let w(b) = -7*b**2 - 4*b**2 - 89*b + 15*b**2 - 6*b**2 - 20 - 5. Calculate the remainder when w(-44) is divided by 11.
8
Let t(h) = -2*h - 16. Let u be t(-9). Suppose -a = 3, f + a - 117 = -u*a. Calculate the remainder when (f/(-12))/(-1*(-1)/(-4)) is divided by 15.
12
What is the remainder when 1210 is divided by -2*860/(-30)*(-3 - -1 - -5)?
6
Let k(n) = n**2 - 3348*n + 69889. What is the remainder when k(21) is divided by (6/(-3))/(4/(-14))?
1
Calculate the remainder when 449 is divided by -3 + (0 + 1)/(29/58) - -12.
9
Let x(s) = 46*s**2 + 18*s - 3. What is the remainder when x(6) is divided by 105?
81
Suppose 5*m = 4 - 4. Suppose 2*h + h + 275 = 2*r, -2*h - 10 = m. Let a = r + -106. Calculate the remainder when 116 is divided by a.
20
Let x(w) = w**3 + 4*w**2 + 7*w + 27. Let t be x(-4). What is the remainder when 84 is divided by ((1*-46)/(-2))/(t - -2)?
15
Let m = 5188 + -9043. Calculate the remainder when 4/14 - m/105 is divided by 28.
9
Let i(z) = 10*z**2 - 19*z + 15. Let c be i(6). Let s = c + -229. Calculate the remainder when 86 is divided by s.
22
Suppose -6 = -y + 15. Suppose 3*g + 5*o - 22 = 0, 4*g - 4*o = 51 + y. Calculate the remainder when g is divided by 2.
0
Suppose 0*l - 5*l + 60 = 0. Let o = l + -2. Suppose -297 = 10*u - 5*u - 16*u. What is the remainder when u is divided by o?
7
Suppose 49940 = -132*q + 154*q. What is the remainder when q is divided by 67?
59
Let q(y) = y**3 - 25*y**2 - 48*y - 29. What is the remainder when 167 is divided by q(27)?
34
Suppose 0 = -29*q + 25*q + 12. Suppose -q*j = -j - 70. What is the remainder when 106 is divided by 742/j + 4/5?
18
Suppose 378 - 1461 - 149 = -44*b. Calculate the remainder when 183 is divided by b.
15
Suppose -3239 = -103*d - 30*d + 54*d. What is the remainder when 584 is divided by d?
10
Suppose -3*r + 95*u + 568 = 94*u, -5*r + 932 = 2*u. Calculate the remainder when 8459 is divided by r.
187
Let u be (1 - 2/(-2)) + (4 - 4). Suppose 7 + 63 = u*n. What is the remainder when n is divided by 13?
9
Let r(m) = m + 62. Let q = -101 + 64. Calculate the remainder when 140 is divided by r(q).
15
Suppose -o + 6*b + 573 = 2*b, 0 = -3*o + 5*b + 1747. Let t(d) = 595*d**2 - 2 - o*d**2 + 0*d**3 + d**3 - 7*d. What is the remainder when t(4) is divided by 33?
31
Suppose -4*u + 5*d + 74 = 0, 15*d - 52 = -2*u + 10*d. Suppose 0 = -5*i + 5*j + 45, -5*j + 67 = -18*i + u*i. Calculate the remainder when 447 is divided by i.
13
Let y = 7758 - 7531. Calculate the remainder when 2715 is divided by y.
218
Suppose x + 10 = -x, 0 = 5*s + x - 1830. Let h = 82 + s. Calculate the remainder when h is divided by 15.
14
Let c = 27 - 12. Let p(s) = 10*s**3 + s**2 + 3*s - 3. Calculate the remainder when p(2) is divided by c.
12
Let t be (-1765)/(-19) + -3 - (-12)/114. What is the remainder when t*3/(-9)*-1 is divided by 6?
0
Let n be -2*(-2)/(-14)*-21. Suppose -5*b - 29 = -n*b - 2*j, -3*b + 3*j + 69 = 0. Calculate the remainder when b is divided by 7.
4
Let d(h) = 78*h**3 + 4*h - 5. Let y(p) = -p**3 - 4*p**2 + 8. Calculate the remainder when d(1) is divided by y(-4).
5
Let j = 7447 + -7428. What is the remainder when (-5 - -33) + (-4)/2 + 1 is divided by j?
8
Let w be (7 - 2)*(-12)/(-30). Suppose 370 = 4*u + w*m, -u + 5*u - m - 385 = 0. Calculate the remainder when u is divided by 12.
11
Let o be (-3)/(-306)*12 - 1477/(-17). Suppose 0 = 3*q - 6*q + o. Calculate the remainder when 56 is divided by q.
27
Suppose -19*c + 153 = -16*c. What is the remainder when c is divided by 33 - 3 - (5 + -3)?
23
Suppose -3*o + 19 = 2*s, -2*o + 0 + 4 = -3*s. Suppose -5*b + 90 = c, -7*b - 4*c = -12*b + 65. Calculate the remainder when b is divided by o.
2
Suppose 4*f - 21 = -2*q + 5*f, 4*f = 2*q - 36. Let m(l) = l**3 - 4*l**2 - 17*l + 22. What is the remainder when m(q) is divided by 30?
22
Let p(i) = 44*i + 7091. Calculate the remainder when p(-120) is divided by 201.
2
Let q = 25911 - 24757. What is the remainder when q is divided by 214?
84
Suppose 8*c - 18*c = 9*c - 361. Suppose -3*q = -2*s - 21, 0 = 2*q + s - 0*s - 14. Suppose -l + c = q. Calculate the remainder when 20 is divided by l.
8
Suppose -13*g + 64 + 108 = -205. Calculate the remainder when 477 is divided by g.
13
Let q = 11463 + -11135. What is the remainder when q is divided by 21?
13
Let j = 281 - 272. Suppose -j*g + 121 + 239 = 0. What is the remainder when 63 is divided by g?
23
Let u = 1849 + -1079. Let b = u + -576. Calculate the remainder when b is divided by 29.
20
What is the remainder when (7 + 740/(-100))/((-1)/10930) is divided by 78?
4
Suppose 0 = 5*z - 2*t + 4*t - 57, z = 2*t + 21. Suppose -y = -5, -2*r - y = r - 194. Calculate the remainder when r is divided by z.
11
Calculate the remainder when 390 is divided by ((-2)/(-4))/((-8 - -2)/(-960)).
70
Let j(q) = -q - 17. Let r be j(-11). Suppose 2*f + 0*f - 16 = 0. What is the remainder when (r/9)/1*-54 is divided by f?
4
Suppose 32*a = -39*a - 5*a + 8892. What is the remainder when a is divided by 45?
27
Let a = -197 - -93. Let i = a + 203. What is the remainder when i is divided by 26?
21
Suppose 3*m + x + 4*x = 42, 0 = -3*x. Suppose -9 = -5*b - m. What is the remainder when (b + (-50)/(-4))*(2 - -4) is divided by 35?
34
Let z = -5065 + 5697. Calculate the remainder when z is divided by 106.
102
Suppose -4*m + 890 = -94*i + 97*i, 1111 = 5*m + 4*i. What is the remainder when m is divided by 106?
15
Let a = 3851 - 2817. Calculate the remainder when a is divided by 131.
117
Let s = 163 + -415. Let c = s + 309. Calculate the remainder when 166 is divided by c.
52
Let p = -59431 - -59792. Suppose -3 = i - 5*u - 1, -2*u = 5*i - 71. What is the remainder when p is divided by i?
10
Suppose 10648 = 252*k - 13544. What is the remainder when 23422 is divided by k?
94
Suppose 21 = 2*d - 5*i, -3*d + 0*d = 3*i. What is the remainder when 206 is divided by 1 + d/2 + (-91)/(-14)?
8
Let r(s) = s**3 - 4*s**2 + 8*s - 1. Let i(u) = -4*u + 32. Let l be i(7). Calculate the remainder when r(l) is divided by 11.
9
Let f = 3200 - 3122. What is the remainder when f is divided by (12/5)/(45/600)?
14
Let k = -9 + 20. Suppose 5*h + 4 - 14 = 0. Suppose 4*d + h*x - 10 = 0, 5*x + 4 = x. Calculate the remainder when k is divided by d.
2
Let j = 15800 - 12267. What is the remainder when j is divided by 114?
113
Let d(i) = -i**3 + 5*i**2 - 3*i - 3. Let f be d(3). Suppose -1 = -k + f. Suppose -k*n + 106 - 15 = 0. Calculate the remainder when n is divided by 4.
1
What is the remainder when 33192/20 - ((-117)/(-45) + -2) is divided by 277?
274
Suppose 4*d + 3*s = -4*d + 2938, 3*s = 2*d - 712. Calculate the remainder when d is divided by 61.
60
What is the remainder when 412/(-618) + (-808)/(-6) is divided by 26?
4
Let o(a) = -a**2 - 14*a - 16. What is the remainder when 123 is divided by o(-3)?
4
Suppose -69*r - 23807 = -42427 - 52381. Calculate the remainder when r 